04 (base 7) to base 5.
2143
What is -13043 (base 6) in base 13?
-b88
Convert 30321 (base 6) to base 11.
3015
Convert -8c4 (base 13) to base 2.
-10111101000
-b20 (base 13) to base 8
-3535
12a9d (base 16) to base 15
179b5
What is 636 (base 11) in base 3?
1001100
What is 5771 (base 11) in base 10?
7580
Convert 592 (base 15) to base 8.
2356
What is -101111111 (base 2) in base 12?
-27b
Convert -404 (base 7) to base 8.
-310
What is -39a (base 14) in base 10?
-724
What is 3040 (base 5) in base 14?
203
Convert -353 (base 9) to base 15.
-146
What is -1012022021 (base 3) in base 2?
-101101111111111
Convert -210022 (base 3) to base 8.
-1077
89 (base 15) to base 6
333
Convert 4666 (base 10) to base 2.
1001000111010
What is -11001222 (base 3) in base 10?
-2969
-1367 (base 9) to base 6
-4441
616 (base 13) to base 10
1033
Convert -9155 (base 10) to base 9.
-13502
Convert -250116 (base 7) to base 12.
-22529
-1014 (base 9) to base 3
-1000111
1450 (base 13) to base 15
d0d
What is -16b6a (base 13) in base 10?
-43690
-2333 (base 6) to base 14
-2c1
Convert -842 (base 9) to base 10.
-686
6743 (base 10) to base 6
51115
-6668 (base 12) to base 13
-51c2
What is -1038 (base 13) in base 12?
-1370
Convert 21233 (base 4) to base 2.
1001101111
d1e (base 16) to base 15
edd
What is 21031 (base 8) in base 7?
34310
Convert -342414 (base 5) to base 13.
-5751
Convert -434220 (base 5) to base 9.
-22434
Convert 10000100010110 (base 2) to base 16.
2116
What is 3166 (base 8) in base 4?
121312
-708 (base 15) to base 12
-abb
-214 (base 8) to base 6
-352
What is -100121 (base 3) in base 14?
-147
Convert -543 (base 7) to base 13.
-183
-1320400 (base 6) to base 16
-11c10
What is 18814 (base 10) in base 3?
221210211
638 (base 10) to base 15
2c8
Convert -5157 (base 9) to base 6.
-25254
Convert -1671 (base 14) to base 9.
-5455
What is -2652 (base 8) in base 3?
-1222201
-11000011101111 (base 2) to base 4
-3003233
434 (base 13) to base 3
222122
14020 (base 7) to base 4
323023
Convert 22000000 (base 3) to base 11.
4422
49ca (base 14) to base 3
122201110
What is -24d6 (base 16) in base 13?
-43a5
Convert -576 (base 12) to base 7.
-2235
Convert 927 (base 11) to base 14.
59c
What is 1351 (base 14) in base 4?
311023
Convert -a3a (base 12) to base 9.
-2031
What is -1716 (base 15) in base 2?
-1001101101011
Convert -420 (base 8) to base 4.
-10100
Convert -50342 (base 7) to base 12.
-7072
What is 2352 (base 13) in base 6?
35000
7b4 (base 13) to base 2
10100110010
Convert -15554 (base 6) to base 7.
-10360
Convert 454122 (base 6) to base 14.
1005c
What is 1471 (base 9) in base 15?
4e7
Convert 2977 (base 13) to base 14.
2297
What is 206 (base 8) in base 4?
2012
12501 (base 6) to base 9
2551
Convert -21221001 (base 3) to base 16.
-1693
Convert 10203 (base 5) to base 12.
486
What is 674b (base 13) in base 6?
150444
What is 2363 (base 8) in base 11?
a52
-167 (base 15) to base 7
-640
111031 (base 4) to base 5
20412
What is -20026 (base 7) in base 15?
-1667
What is -20355 (base 7) in base 13?
-236a
What is -2 (base 9) in base 3?
-2
What is -306 (base 9) in base 12?
-189
Convert 60110 (base 7) to base 5.
430322
What is 4111 (base 6) in base 5?
12112
What is 122333 (base 4) in base 12?
bbb
-10c6 (base 16) to base 11
-3254
What is -34102 (base 6) in base 8?
-11266
Convert 201 (base 5) to base 11.
47
2cc (base 15) to base 4
22002
1009 (base 14) to base 15
c38
What is -4666 (base 8) in base 14?
-c98
10011100000 (base 2) to base 15
583
What is 255 (base 7) in base 15?
93
Convert 1600 (base 8) to base 12.
628
What is 11457 (base 8) in base 4?
1030233
Convert -462 (base 7) to base 2.
-11110000
Convert 2467 (base 8) to base 2.
10100110111
What is -116364 (base 7) in base 9?
-32383
7b4 (base 13) to base 3
1211021
Convert 420 (base 10) to base 8.
644
What is 4201 (base 11) in base 15?
19b2
Convert 77735 (base 9) to base 3.
2121211012
Convert -41430 (base 5) to base 4.
-222310
-86a2 (base 13) to base 3
-221200102
Convert 26ce (base 16) to base 11.
7511
Convert -1414 (base 6) to base 10.
-370
-33545 (base 8) to base 3
-201110020
24813 (base 9) to base 14
612a
Convert 64a9 (base 16) to base 13.
b963
Convert -144332 (base 5) to base 10.
-6217
Convert -6314 (base 13) to base 11.
-a330
-1100111100 (base 2) to base 5
-11303
Convert -1cb (base 16) to base 7.
-1224
Convert 1104 (base 9) to base 8.
1456
What is -11100101110000 (base 2) in base 15?
-4554
Convert -30666 (base 9) to base 7.
-112656
What is 2312 (base 5) in base 12?
238
What is 2212011 (base 3) in base 9?
2764
What is 5255 (base 7) in base 11?
1435
What is -b62 (base 15) in base 14?
-d15
2507 (base 10) to base 3
10102212
What is -412 (base 7) in base 2?
-11001101
What is 101100101100 (base 2) in base 9?
3827
What is -35535 (base 6) in base 14?
-1c55
-510 (base 9) to base 14
-218
What is 3848 (base 11) in base 2?
1001110010101
What is -32104 (base 5) in base 15?
-989
55545 (base 7) to base 13
64aa
What is 1203 (base 6) in base 3?
101210
Convert 1562 (base 8) to base 16.
372
Convert -9009 (base 13) to base 4.
-10311012
-67b (base 14) to base 4
-110011
Convert c75 (base 15) to base 7.
11123
What is -1863 (base 14) in base 2?
-1000100101111
366 (base 8) to base 12
186
What is -2181 (base 11) in base 16?
-b38
Convert 26628 (base 11) to base 7.
215600
-6692 (base 11) to base 10
-8813
What is 23210 (base 4) in base 13?
44c
What is -a31 (base 11) in base 8?
-2334
Convert -32432 (base 10) to base 11.
-22404
84b (base 16) to base 15
968
What is -515 (base 8) in base 9?
-410
1a8 (base 15) to base 4
11333
-212044 (base 6) to base 4
-10032130
What is 41882 (base 10) in base 14?
11398
Convert 26450 (base 8) to base 5.
332220
Convert -654 (base 9) to base 16.
-217
36d (base 15) to base 2
1100001010
-3200 (base 5) to base 10
-425
Convert 11010010101 (base 2) to base 15.
775
Convert -2356 (base 8) to base 9.
-1652
What is -113023 (base 4) in base 8?
-2713
What is -2504 (base 7) in base 15?
-425
-2010100 (base 4) to base 12
-4a94
Convert 1511 (base 8) to base 6.
3521
Convert 4de (base 15) to base 10.
1109
What is -10010100111001 (base 2) in base 3?
-111001221
What is -544435 (base 6) in base 3?
-2021212012
Convert 112030 (base 6) to base 13.
4446
Convert 3334 (base 5) to base 13.
2a1
-1713 (base 14) to base 10
-4133
Convert 100020 (base 3) to base 12.
189
What is -12121202 (base 3) in base 4?
-1000001
Convert -1110200120 (base 3) to base 16.
-7104
-301 (base 6) to base 9
-131
13120012 (base 4) to base 5
1431324
Convert 506 (base 10) to base 16.
1fa
31022 (base 4) to base 2
1101001010
6301 (base 7) to base 14
b38
What is -22222202 (base 3) in base 7?
-25052
What is -100222110 (base 3) in base 14?
-2919
Convert aa0 (base 15) to base 3.
10021220
301302 (base 4) to base 15
e26
203203 (base 4) to base 2
100011100011
What is 5b91 (base 15) in base 16?
4c1e
What is -303 (base 8) in base 9?
-236
9416 (base 11) to base 3
122010020
Convert -5266 (base 9) to base 8.
-7433
115320 (base 6) to base 16
2820
22d (base 16) to base 9
678
Convert -116 (base 16) to base 14.
-15c
-2076 (base 8) to base 13
-657
Convert -395 (base 12) to base 5.
-4140
What is 14471 (base 9) in base 3?
111112101
Convert -20210012 (base 3) to base 10.
-4946
Convert 102122102 (base 3) to base 8.
20451
2845 (base 13) to base 15
1abd
-6a6 (base 15) to base 3
-2001210
What is 110100010 (base 2) in base 4?
12202
-110011001 (base 2) to base 6
-1521
What is 5035 (base 7) in base 6?
12021
What is -3e9 (base 16) in base 13?
-5c0
20122202 (base 3) to base 10
4853
Convert -3112322 (base 4) to base 5.
-420004
516 (base 7) to base 9
316
Convert -211220021 (base 3) to base 7.
-66445
-1204232 (base 5) to base 2
-101011110101010
5215 (base 6) to base 12
80b
What is -10441 (base 8) in base 10?
-4385
What is -34 (base 14) in base 16?
-2e
What is 30333 (base 7) in base 3?
101010010
What is -3142 (base 15) in base 3?
-112021122
515 (base 13) to base 12
5bb
-203 (base 13) to base 5
-2331
What is -11010010110100 (base 2) in base 16?
-34b4
What is 5665 (base 10) in base 5?
140130
What is -129 (base 10) in base 7?
-243
Convert -133111 (base 4) to base 13.
-bb3
What is -2263 (base 8) in base 2?
-10010110011
Convert -c329 (base 14) to base 13.
-12370
136 (base 15) to base 10
276
Convert -8212 (base 9) to base 4.
-1131311
What is 17 (base 8) in bas